[INFO] cloning repository https://github.com/ModProg/fnscript
[INFO] running `Command { std: "git" "-c" "credential.helper=" "-c" "credential.helper=/workspace/cargo-home/bin/git-credential-null" "clone" "--bare" "https://github.com/ModProg/fnscript" "/workspace/cache/git-repos/https%3A%2F%2Fgithub.com%2FModProg%2Ffnscript", kill_on_drop: false }`
[INFO] [stderr] Cloning into bare repository '/workspace/cache/git-repos/https%3A%2F%2Fgithub.com%2FModProg%2Ffnscript'...
[INFO] running `Command { std: "git" "rev-parse" "HEAD", kill_on_drop: false }`
[INFO] [stdout] 35332081760d0a3a06745613b0b1b8d584a1d2be
[INFO] checking ModProg/fnscript against master#9610dfe5a9a731ced1ea4923ecbd0c57fe367898 for beta-170-4
[INFO] running `Command { std: "git" "clone" "/workspace/cache/git-repos/https%3A%2F%2Fgithub.com%2FModProg%2Ffnscript" "/workspace/builds/worker-1-tc1/source", kill_on_drop: false }`
[INFO] [stderr] Cloning into '/workspace/builds/worker-1-tc1/source'...
[INFO] [stderr] done.
[INFO] validating manifest of git repo https://github.com/ModProg/fnscript on toolchain 9610dfe5a9a731ced1ea4923ecbd0c57fe367898
[INFO] running `Command { std: CARGO_HOME="/workspace/cargo-home" RUSTUP_HOME="/workspace/rustup-home" "/workspace/cargo-home/bin/cargo" "+9610dfe5a9a731ced1ea4923ecbd0c57fe367898" "metadata" "--manifest-path" "Cargo.toml" "--no-deps", kill_on_drop: false }`
[INFO] started tweaking git repo https://github.com/ModProg/fnscript
[INFO] finished tweaking git repo https://github.com/ModProg/fnscript
[INFO] tweaked toml for git repo https://github.com/ModProg/fnscript written to /workspace/builds/worker-1-tc1/source/Cargo.toml
[INFO] crate git repo https://github.com/ModProg/fnscript already has a lockfile, it will not be regenerated
[INFO] running `Command { std: CARGO_HOME="/workspace/cargo-home" RUSTUP_HOME="/workspace/rustup-home" "/workspace/cargo-home/bin/cargo" "+9610dfe5a9a731ced1ea4923ecbd0c57fe367898" "fetch" "--manifest-path" "Cargo.toml", kill_on_drop: false }`
[INFO] [stderr]     Updating crates.io index
[INFO] [stderr]     Updating git repository `https://github.com/ModProg/attribute-derive`
[INFO] [stderr]  Downloading crates ...
[INFO] [stderr]   Downloaded clap_derive v4.0.10
[INFO] [stderr]   Downloaded anyhow v1.0.63
[INFO] [stderr]   Downloaded clap v4.0.10
[INFO] [stderr]   Downloaded quote-use v0.5.1
[INFO] [stderr]   Downloaded rustc_lexer v0.1.0
[INFO] running `Command { std: "docker" "create" "-v" "/var/lib/crater-agent-workspace/builds/worker-1-tc1/target:/opt/rustwide/target:rw,Z" "-v" "/var/lib/crater-agent-workspace/builds/worker-1-tc1/source:/opt/rustwide/workdir:ro,Z" "-v" "/var/lib/crater-agent-workspace/cargo-home:/opt/rustwide/cargo-home:ro,Z" "-v" "/var/lib/crater-agent-workspace/rustup-home:/opt/rustwide/rustup-home:ro,Z" "-e" "SOURCE_DIR=/opt/rustwide/workdir" "-e" "CARGO_TARGET_DIR=/opt/rustwide/target" "-e" "CARGO_HOME=/opt/rustwide/cargo-home" "-e" "RUSTUP_HOME=/opt/rustwide/rustup-home" "-w" "/opt/rustwide/workdir" "-m" "1610612736" "--user" "0:0" "--network" "none" "ghcr.io/rust-lang/crates-build-env/linux@sha256:19e73879b68f455e41552ea35293514db52ea292d993f571636dbffedb77a1ee" "/opt/rustwide/cargo-home/bin/cargo" "+9610dfe5a9a731ced1ea4923ecbd0c57fe367898" "metadata" "--no-deps" "--format-version=1", kill_on_drop: false }`
[INFO] [stdout] 6f80f004e031d0d1f8293964736f959dfe4f91c669a230b48e3ca951b5150601
[INFO] running `Command { std: "docker" "start" "-a" "6f80f004e031d0d1f8293964736f959dfe4f91c669a230b48e3ca951b5150601", kill_on_drop: false }`
[INFO] running `Command { std: "docker" "inspect" "6f80f004e031d0d1f8293964736f959dfe4f91c669a230b48e3ca951b5150601", kill_on_drop: false }`
[INFO] running `Command { std: "docker" "rm" "-f" "6f80f004e031d0d1f8293964736f959dfe4f91c669a230b48e3ca951b5150601", kill_on_drop: false }`
[INFO] [stdout] 6f80f004e031d0d1f8293964736f959dfe4f91c669a230b48e3ca951b5150601
[INFO] running `Command { std: "docker" "create" "-v" "/var/lib/crater-agent-workspace/builds/worker-1-tc1/target:/opt/rustwide/target:rw,Z" "-v" "/var/lib/crater-agent-workspace/builds/worker-1-tc1/source:/opt/rustwide/workdir:ro,Z" "-v" "/var/lib/crater-agent-workspace/cargo-home:/opt/rustwide/cargo-home:ro,Z" "-v" "/var/lib/crater-agent-workspace/rustup-home:/opt/rustwide/rustup-home:ro,Z" "-e" "SOURCE_DIR=/opt/rustwide/workdir" "-e" "CARGO_TARGET_DIR=/opt/rustwide/target" "-e" "CARGO_INCREMENTAL=0" "-e" "RUST_BACKTRACE=full" "-e" "RUSTFLAGS=--cap-lints=forbid" "-e" "RUSTDOCFLAGS=--cap-lints=forbid" "-e" "CARGO_HOME=/opt/rustwide/cargo-home" "-e" "RUSTUP_HOME=/opt/rustwide/rustup-home" "-w" "/opt/rustwide/workdir" "-m" "1610612736" "--user" "0:0" "--network" "none" "ghcr.io/rust-lang/crates-build-env/linux@sha256:19e73879b68f455e41552ea35293514db52ea292d993f571636dbffedb77a1ee" "/opt/rustwide/cargo-home/bin/cargo" "+9610dfe5a9a731ced1ea4923ecbd0c57fe367898" "check" "--frozen" "--all" "--all-targets" "--message-format=json", kill_on_drop: false }`
[INFO] [stdout] 99e4e33520626e9e12be9342e3070017ca810101f2fd5adc046fc95434050a00
[INFO] running `Command { std: "docker" "start" "-a" "99e4e33520626e9e12be9342e3070017ca810101f2fd5adc046fc95434050a00", kill_on_drop: false }`
[INFO] [stderr]     Blocking waiting for file lock on package cache
[INFO] [stderr]    Compiling proc-macro2 v1.0.43
[INFO] [stderr]    Compiling unicode-ident v1.0.3
[INFO] [stderr]    Compiling quote v1.0.21
[INFO] [stderr]    Compiling syn v1.0.99
[INFO] [stderr]    Compiling libc v0.2.134
[INFO] [stderr]    Compiling io-lifetimes v0.7.3
[INFO] [stderr]    Compiling rustix v0.35.11
[INFO] [stderr]     Checking linux-raw-sys v0.0.46
[INFO] [stderr]     Checking os_str_bytes v6.3.0
[INFO] [stderr]    Compiling beef v0.5.2
[INFO] [stderr]    Compiling anyhow v1.0.63
[INFO] [stderr]    Compiling regex-syntax v0.6.27
[INFO] [stderr]     Checking tinyvec v1.6.0
[INFO] [stderr]     Checking once_cell v1.15.0
[INFO] [stderr]     Checking unicode-xid v0.2.3
[INFO] [stderr]    Compiling convert_case v0.4.0
[INFO] [stderr]     Checking rustc_lexer v0.1.0
[INFO] [stderr]     Checking clap_lex v0.3.0
[INFO] [stderr]     Checking unicode-normalization v0.1.21
[INFO] [stderr]    Compiling proc-macro-error-attr v1.0.4
[INFO] [stderr]     Checking atty v0.2.14
[INFO] [stderr]     Checking terminal_size v0.2.1
[INFO] [stderr]    Compiling proc-macro-error v1.0.4
[INFO] [stderr]    Compiling quote-use v0.5.1
[INFO] [stderr]    Compiling logos-derive v0.12.1
[INFO] [stderr]    Compiling clap_derive v4.0.10
[INFO] [stderr]    Compiling thiserror-impl v1.0.33
[INFO] [stderr]    Compiling derive_more v0.99.17
[INFO] [stderr]    Compiling getset v0.1.2
[INFO] [stderr]    Compiling attribute-derive-macro v0.3.1 (https://github.com/ModProg/attribute-derive#813c49ac)
[INFO] [stderr]     Checking thiserror v1.0.33
[INFO] [stderr]    Compiling attribute-derive v0.3.1 (https://github.com/ModProg/attribute-derive#813c49ac)
[INFO] [stderr]     Checking clap v4.0.10
[INFO] [stderr]    Compiling fns-macros v0.1.0 (/opt/rustwide/workdir/macros)
[INFO] [stderr]     Checking logos v0.12.1
[INFO] [stderr]     Checking fnscript v0.1.0 (/opt/rustwide/workdir)
[INFO] [stdout] warning: unused imports: `CopyGetters`, `Getters`
[INFO] [stdout]   --> src/syn/mod.rs:10:14
[INFO] [stdout]    |
[INFO] [stdout] 10 | use getset::{CopyGetters, Getters};
[INFO] [stdout]    |              ^^^^^^^^^^^  ^^^^^^^
[INFO] [stdout]    |
[INFO] [stdout]    = note: `#[warn(unused_imports)]` on by default
[INFO] [stdout] 
[INFO] [stdout] 
[INFO] [stdout] warning: unused imports: `CopyGetters`, `Getters`
[INFO] [stdout]   --> src/syn/mod.rs:10:14
[INFO] [stdout]    |
[INFO] [stdout] 10 | use getset::{CopyGetters, Getters};
[INFO] [stdout]    |              ^^^^^^^^^^^  ^^^^^^^
[INFO] [stdout]    |
[INFO] [stdout]    = note: `#[warn(unused_imports)]` on by default
[INFO] [stdout] 
[INFO] [stdout] 
[INFO] [stdout] error[E0061]: this method takes 3 arguments but 0 arguments were supplied
[INFO] [stdout]   --> src/exec/mod.rs:60:29
[INFO] [stdout]    |
[INFO] [stdout] 60 |                     globals.try_create()
[INFO] [stdout]    |                             ^^^^^^^^^^-- three arguments of type `&str`, `exec::Value`, and `Option<Type>` are missing
[INFO] [stdout]    |
[INFO] [stdout] note: method defined here
[INFO] [stdout]   --> src/exec/mod.rs:19:8
[INFO] [stdout]    |
[INFO] [stdout] 19 |     fn try_create(&mut self, name: &str, value: Value, ty: Option<Type>) -> Result<()> {
[INFO] [stdout]    |        ^^^^^^^^^^            ----------  ------------  ----------------
[INFO] [stdout] help: provide the arguments
[INFO] [stdout]    |
[INFO] [stdout] 60 |                     globals.try_create(/* &str */, /* exec::Value */, /* Option<Type> */)
[INFO] [stdout]    |                                       ~~~~~~~~~~~~~~~~~~~~~~~~~~~~~~~~~~~~~~~~~~~~~~~~~~~
[INFO] [stdout] 
[INFO] [stdout] 
[INFO] [stdout] error[E0308]: mismatched types
[INFO] [stdout]   --> src/exec/mod.rs:60:21
[INFO] [stdout]    |
[INFO] [stdout] 57 | /                 if assignment.is_pub() {
[INFO] [stdout] 58 | |                     // TODO this should be verified in linting
[INFO] [stdout] 59 | |                     assert!(assignment.is_let());
[INFO] [stdout] 60 | |                     globals.try_create()
[INFO] [stdout]    | |                     ^^^^^^^^^^^^^^^^^^^^ expected `()`, found `Result<(), Error>`
[INFO] [stdout] 61 | |                 }
[INFO] [stdout]    | |_________________- expected this to be `()`
[INFO] [stdout]    |
[INFO] [stdout]    = note: expected unit type `()`
[INFO] [stdout]                    found enum `std::result::Result<(), exec::error::Error>`
[INFO] [stdout] help: consider using a semicolon here
[INFO] [stdout]    |
[INFO] [stdout] 60 |                     globals.try_create();
[INFO] [stdout]    |                                         +
[INFO] [stdout] help: consider using a semicolon here
[INFO] [stdout]    |
[INFO] [stdout] 61 |                 };
[INFO] [stdout]    |                  +
[INFO] [stdout] help: you might have meant to return this value
[INFO] [stdout]    |
[INFO] [stdout] 60 |                     return globals.try_create();
[INFO] [stdout]    |                     ++++++                     +
[INFO] [stdout] 
[INFO] [stdout] 
[INFO] [stdout] error[E0599]: no method named `get` found for mutable reference `&'a mut Variables` in the current scope
[INFO] [stdout]   --> src/exec/mod.rs:78:22
[INFO] [stdout]    |
[INFO] [stdout] 77 | /                 locals
[INFO] [stdout] 78 | |                     .get(ident)
[INFO] [stdout]    | |                     -^^^ method not found in `&mut Variables`
[INFO] [stdout]    | |_____________________|
[INFO] [stdout]    | 
[INFO] [stdout]    |
[INFO] [stdout]    = help: items from traits can only be used if the trait is implemented and in scope
[INFO] [stdout]    = note: the following trait defines an item `get`, perhaps you need to implement it:
[INFO] [stdout]            candidate #1: `SliceIndex`
[INFO] [stdout] help: one of the expressions' fields has a method of the same name
[INFO] [stdout]    |
[INFO] [stdout] 78 |                     .0.get(ident)
[INFO] [stdout]    |                      ++
[INFO] [stdout] 
[INFO] [stdout] 
[INFO] [stdout] error[E0599]: no method named `get` found for mutable reference `&'a mut Variables` in the current scope
[INFO] [stdout]   --> src/exec/mod.rs:79:41
[INFO] [stdout]    |
[INFO] [stdout] 79 |                     .or_else(|| globals.get(ident))
[INFO] [stdout]    |                                         ^^^ method not found in `&mut Variables`
[INFO] [stdout]    |
[INFO] [stdout]    = help: items from traits can only be used if the trait is implemented and in scope
[INFO] [stdout]    = note: the following trait defines an item `get`, perhaps you need to implement it:
[INFO] [stdout]            candidate #1: `SliceIndex`
[INFO] [stdout] help: one of the expressions' fields has a method of the same name
[INFO] [stdout]    |
[INFO] [stdout] 79 |                     .or_else(|| globals.0.get(ident))
[INFO] [stdout]    |                                         ++
[INFO] [stdout] 
[INFO] [stdout] 
[INFO] [stdout] error: aborting due to 4 previous errors; 1 warning emitted
[INFO] [stdout] 
[INFO] [stdout] 
[INFO] [stdout] Some errors have detailed explanations: E0061, E0308, E0599.
[INFO] [stdout] 
[INFO] [stdout] For more information about an error, try `rustc --explain E0061`.
[INFO] [stdout] 
[INFO] [stderr] error: could not compile `fnscript` (lib) due to 5 previous errors; 1 warning emitted
[INFO] [stderr] warning: build failed, waiting for other jobs to finish...
[INFO] [stdout] error[E0061]: this method takes 3 arguments but 0 arguments were supplied
[INFO] [stdout]   --> src/exec/mod.rs:60:29
[INFO] [stdout]    |
[INFO] [stdout] 60 |                     globals.try_create()
[INFO] [stdout]    |                             ^^^^^^^^^^-- three arguments of type `&str`, `exec::Value`, and `Option<Type>` are missing
[INFO] [stdout]    |
[INFO] [stdout] note: method defined here
[INFO] [stdout]   --> src/exec/mod.rs:19:8
[INFO] [stdout]    |
[INFO] [stdout] 19 |     fn try_create(&mut self, name: &str, value: Value, ty: Option<Type>) -> Result<()> {
[INFO] [stdout]    |        ^^^^^^^^^^            ----------  ------------  ----------------
[INFO] [stdout] help: provide the arguments
[INFO] [stdout]    |
[INFO] [stdout] 60 |                     globals.try_create(/* &str */, /* exec::Value */, /* Option<Type> */)
[INFO] [stdout]    |                                       ~~~~~~~~~~~~~~~~~~~~~~~~~~~~~~~~~~~~~~~~~~~~~~~~~~~
[INFO] [stdout] 
[INFO] [stdout] 
[INFO] [stdout] error[E0308]: mismatched types
[INFO] [stdout]   --> src/exec/mod.rs:60:21
[INFO] [stdout]    |
[INFO] [stdout] 57 | /                 if assignment.is_pub() {
[INFO] [stdout] 58 | |                     // TODO this should be verified in linting
[INFO] [stdout] 59 | |                     assert!(assignment.is_let());
[INFO] [stdout] 60 | |                     globals.try_create()
[INFO] [stdout]    | |                     ^^^^^^^^^^^^^^^^^^^^ expected `()`, found `Result<(), Error>`
[INFO] [stdout] 61 | |                 }
[INFO] [stdout]    | |_________________- expected this to be `()`
[INFO] [stdout]    |
[INFO] [stdout]    = note: expected unit type `()`
[INFO] [stdout]                    found enum `std::result::Result<(), exec::error::Error>`
[INFO] [stdout] help: consider using a semicolon here
[INFO] [stdout]    |
[INFO] [stdout] 60 |                     globals.try_create();
[INFO] [stdout]    |                                         +
[INFO] [stdout] help: consider using a semicolon here
[INFO] [stdout]    |
[INFO] [stdout] 61 |                 };
[INFO] [stdout]    |                  +
[INFO] [stdout] help: you might have meant to return this value
[INFO] [stdout]    |
[INFO] [stdout] 60 |                     return globals.try_create();
[INFO] [stdout]    |                     ++++++                     +
[INFO] [stdout] 
[INFO] [stdout] 
[INFO] [stdout] error[E0599]: no method named `get` found for mutable reference `&'a mut Variables` in the current scope
[INFO] [stdout]   --> src/exec/mod.rs:78:22
[INFO] [stdout]    |
[INFO] [stdout] 77 | /                 locals
[INFO] [stdout] 78 | |                     .get(ident)
[INFO] [stdout]    | |                     -^^^ method not found in `&mut Variables`
[INFO] [stdout]    | |_____________________|
[INFO] [stdout]    | 
[INFO] [stdout]    |
[INFO] [stdout]    = help: items from traits can only be used if the trait is implemented and in scope
[INFO] [stdout]    = note: the following trait defines an item `get`, perhaps you need to implement it:
[INFO] [stdout]            candidate #1: `SliceIndex`
[INFO] [stdout] help: one of the expressions' fields has a method of the same name
[INFO] [stdout]    |
[INFO] [stdout] 78 |                     .0.get(ident)
[INFO] [stdout]    |                      ++
[INFO] [stdout] 
[INFO] [stdout] 
[INFO] [stdout] error[E0599]: no method named `get` found for mutable reference `&'a mut Variables` in the current scope
[INFO] [stdout]   --> src/exec/mod.rs:79:41
[INFO] [stdout]    |
[INFO] [stdout] 79 |                     .or_else(|| globals.get(ident))
[INFO] [stdout]    |                                         ^^^ method not found in `&mut Variables`
[INFO] [stdout]    |
[INFO] [stdout]    = help: items from traits can only be used if the trait is implemented and in scope
[INFO] [stdout]    = note: the following trait defines an item `get`, perhaps you need to implement it:
[INFO] [stdout]            candidate #1: `SliceIndex`
[INFO] [stdout] help: one of the expressions' fields has a method of the same name
[INFO] [stdout]    |
[INFO] [stdout] 79 |                     .or_else(|| globals.0.get(ident))
[INFO] [stdout]    |                                         ++
[INFO] [stdout] 
[INFO] [stdout] 
[INFO] [stdout] error: aborting due to 4 previous errors; 1 warning emitted
[INFO] [stdout] 
[INFO] [stdout] 
[INFO] [stdout] Some errors have detailed explanations: E0061, E0308, E0599.
[INFO] [stdout] 
[INFO] [stdout] For more information about an error, try `rustc --explain E0061`.
[INFO] [stdout] 
[INFO] [stderr] error: could not compile `fnscript` (lib test) due to 5 previous errors; 1 warning emitted
[INFO] running `Command { std: "docker" "inspect" "99e4e33520626e9e12be9342e3070017ca810101f2fd5adc046fc95434050a00", kill_on_drop: false }`
[INFO] running `Command { std: "docker" "rm" "-f" "99e4e33520626e9e12be9342e3070017ca810101f2fd5adc046fc95434050a00", kill_on_drop: false }`
[INFO] [stdout] 99e4e33520626e9e12be9342e3070017ca810101f2fd5adc046fc95434050a00
